{"id":11,"date":"2018-02-07T22:49:38","date_gmt":"2018-02-07T22:49:38","guid":{"rendered":"https:\/\/2018.cancun.wordcamp.org\/location\/"},"modified":"2018-03-28T22:37:07","modified_gmt":"2018-03-28T22:37:07","slug":"ubicacion","status":"publish","type":"page","link":"https:\/\/cancun.wordcamp.org\/2018\/ubicacion\/","title":{"rendered":"Ubicaci\u00f3n"},"content":{"rendered":"<p><img loading=\"lazy\" decoding=\"async\" class=\"size-full wp-image-284 aligncenter\" src=\"https:\/\/2018.cancun.wordcamp.org\/files\/2018\/03\/kayok.jpg\" alt=\"\" width=\"830\" height=\"553\" srcset=\"https:\/\/cancun.wordcamp.org\/2018\/files\/2018\/03\/kayok.jpg 830w, https:\/\/cancun.wordcamp.org\/2018\/files\/2018\/03\/kayok-300x200.jpg 300w, https:\/\/cancun.wordcamp.org\/2018\/files\/2018\/03\/kayok-768x512.jpg 768w, https:\/\/cancun.wordcamp.org\/2018\/files\/2018\/03\/kayok-450x300.jpg 450w\" sizes=\"auto, (max-width: 767px) 89vw, (max-width: 1000px) 54vw, (max-width: 1071px) 543px, 580px\" \/><\/p>\n<p>La comunidad de\u00a0<strong>WordPress en Canc\u00fan<\/strong>, est\u00e1 feliz de anunciarte que el WordCamp 2018 Canc\u00fan se llevar\u00e1 a cabo en el Planetario de Canc\u00fan KA&#8217;YOK&#8217;\u00a0el pr\u00f3ximo\u00a0<strong>s\u00e1bado 12 de mayo.<\/strong><\/p>\n<p>&nbsp;<\/p>\n<p><strong>Direcci\u00f3n:<\/strong> Av. Palenque s\/n, M05, Lt 1, SM21, 77505 Canc\u00fan, Q.R.<br \/>\n<strong>Google Maps:\u00a0<a href=\"https:\/\/goo.gl\/maps\/9GsFoawW3m52\">https:\/\/goo.gl\/maps\/9GsFoawW3m52<\/a><\/strong><\/p>\n<div class=\"googlemaps\">\n\t\t\t\t<iframe loading=\"lazy\" width=\"600\" height=\"450\" frameborder=\"0\" scrolling=\"no\" marginheight=\"0\" marginwidth=\"0\"  src=\"https:\/\/www.google.com\/maps\/embed?pb=!1m14!1m8!1m3!1d14883.915299354023!2d-86.83692120426025!3d21.153240965806596!3m2!1i1024!2i768!4f13.1!3m3!1m2!1s0x0:0x4357efb0b88a9b50!2sPlanetario%20De%20Canc\u00fan!5e0!3m2!1ses-419!2smx!4v1522254562417\"><\/iframe>\n\t\t\t<\/div>\n","protected":false},"excerpt":{"rendered":"<p>La comunidad de\u00a0WordPress en Canc\u00fan, est\u00e1 feliz de anunciarte que el WordCamp 2018 Canc\u00fan se llevar\u00e1 a cabo en el Planetario de Canc\u00fan KA&#8217;YOK&#8217;\u00a0el pr\u00f3ximo\u00a0s\u00e1bado 12 de mayo. &nbsp; Direcci\u00f3n: Av. Palenque s\/n, M05, Lt 1, SM21, 77505 Canc\u00fan, Q.R. Google Maps:\u00a0https:\/\/goo.gl\/maps\/9GsFoawW3m52<\/p>\n","protected":false},"author":15956987,"featured_media":284,"parent":0,"menu_order":0,"comment_status":"closed","ping_status":"closed","template":"","meta":{"jetpack_post_was_ever_published":false,"footnotes":""},"class_list":["post-11","page","type-page","status-publish","has-post-thumbnail","hentry"],"jetpack_sharing_enabled":true,"jetpack_shortlink":"https:\/\/wp.me\/P9HzQx-b","_links":{"self":[{"href":"https:\/\/cancun.wordcamp.org\/2018\/wp-json\/wp\/v2\/pages\/11","targetHints":{"allow":["GET"]}}],"collection":[{"href":"https:\/\/cancun.wordcamp.org\/2018\/wp-json\/wp\/v2\/pages"}],"about":[{"href":"https:\/\/cancun.wordcamp.org\/2018\/wp-json\/wp\/v2\/types\/page"}],"author":[{"embeddable":true,"href":"https:\/\/cancun.wordcamp.org\/2018\/wp-json\/wp\/v2\/users\/15956987"}],"replies":[{"embeddable":true,"href":"https:\/\/cancun.wordcamp.org\/2018\/wp-json\/wp\/v2\/comments?post=11"}],"version-history":[{"count":5,"href":"https:\/\/cancun.wordcamp.org\/2018\/wp-json\/wp\/v2\/pages\/11\/revisions"}],"predecessor-version":[{"id":287,"href":"https:\/\/cancun.wordcamp.org\/2018\/wp-json\/wp\/v2\/pages\/11\/revisions\/287"}],"wp:featuredmedia":[{"embeddable":true,"href":"https:\/\/cancun.wordcamp.org\/2018\/wp-json\/wp\/v2\/media\/284"}],"wp:attachment":[{"href":"https:\/\/cancun.wordcamp.org\/2018\/wp-json\/wp\/v2\/media?parent=11"}],"curies":[{"name":"wp","href":"https:\/\/api.w.org\/{rel}","templated":true}]}}