{"id":7,"date":"2018-02-07T22:49:38","date_gmt":"2018-02-07T22:49:38","guid":{"rendered":"https:\/\/2018.cancun.wordcamp.org\/schedule\/"},"modified":"2018-04-21T14:02:51","modified_gmt":"2018-04-21T19:02:51","slug":"programa","status":"publish","type":"page","link":"https:\/\/cancun.wordcamp.org\/2018\/programa\/","title":{"rendered":"Programa"},"content":{"rendered":"<p>Este evento incluye pl\u00e1ticas de inter\u00e9s para Dise\u00f1adores, Bloggers, Developers y Usuarios Casuales. Puedes saber m\u00e1s de\u00a0<a href=\"https:\/\/2018.cancun.wordcamp.org\/ubicacion\/\">D\u00f3nde ser\u00e1 el evento aqu\u00ed<\/a>.<\/p>\n<h3>Ser\u00e1n dos espacios de conferencias y puedes alternar seg\u00fan sea tu inter\u00e9s en el tema.<\/h3>\n<p>Puedes entrar a la charla que desees en la compra de tu boleto.<\/p>\n<h1>S\u00e1bado 12 de Mayo<\/h1>\n<table class=\"wcpt-schedule\" border=\"0\"><thead><tr><th class=\"wcpt-col-time\">Hora<\/th><th class=\"wcpt-col-track\"> <span class=\"wcpt-track-name\">Track 1<\/span> <span class=\"wcpt-track-description\"><\/span> <\/th><th class=\"wcpt-col-track\"> <span class=\"wcpt-track-name\">Track 2<\/span> <span class=\"wcpt-track-description\"><\/span> <\/th><\/tr><\/thead><tbody><tr class=\"wcpt-time-800am global-session registro\"><td class=\"wcpt-time\">8:00&nbsp;am<\/td><td colspan=\"2\" class=\"wcb-track-track-1 wcb-track-track-2 wcpt-session-type-custom wcb-session-registro\" data-track-title=\"Track 1, Track 2\" data-session-id=\"374\"><div class=\"wcb-session-cell-content\"><span class=\"wcpt-session-title\">Registro<\/span><\/div><\/td><\/tr><tr class=\"wcpt-time-845am global-session inauguracin\"><td class=\"wcpt-time\">8:45&nbsp;am<\/td><td colspan=\"2\" class=\"wcb-track-track-1 wcb-track-track-2 wcpt-session-type-custom wcb-session-inauguracion\" data-track-title=\"Track 1, Track 2\" data-session-id=\"382\"><div class=\"wcb-session-cell-content\"><span class=\"wcpt-session-title\">Inauguraci\u00f3n<\/span><\/div><\/td><\/tr><tr class=\"wcpt-time-900am\"><td class=\"wcpt-time\">9:00&nbsp;am<\/td><td colspan=\"1\" class=\"wcb-speaker-richard-archambault wcb-track-track-1 wcpt-session-type-session wcb-session-lanzar-su-sitio-con-jetpack\" data-track-title=\"Track 1\" data-session-id=\"478\"><div class=\"wcb-session-cell-content\"><a class=\"wcpt-session-title\" href=\"https:\/\/cancun.wordcamp.org\/2018\/session\/lanzar-su-sitio-con-jetpack\/\">\u00a1Lanzar su sitio con Jetpack!<\/a> <span class=\"wcpt-session-speakers\"><a href=\"https:\/\/cancun.wordcamp.org\/2018\/ponentes\/#wcorg-speaker-richard-archambault\">Richard Archambault<\/a><\/span><\/div><div class=\"wcb-session-favourite-icon\"><a href=\"#\" role=\"button\" class=\"fav-session-button\" aria-pressed=\"false\"><span class=\"screen-reader-text\">Sesi\u00f3n favorita: \u00a1Lanzar su sitio con Jetpack!<\/span><span class=\"dashicons dashicons-star-filled\"><\/span><\/a><\/div><\/td><td colspan=\"1\" class=\"wcb-speaker-ricardo-alday wcb-track-track-2 wcpt-session-type-session wcb-session-wordpress-y-la-arquitectura-desacoplada\" data-track-title=\"Track 2\" data-session-id=\"493\"><div class=\"wcb-session-cell-content\"><a class=\"wcpt-session-title\" href=\"https:\/\/cancun.wordcamp.org\/2018\/session\/wordpress-y-la-arquitectura-desacoplada\/\">WordPress y la arquitectura desacoplada<\/a> <span class=\"wcpt-session-speakers\"><a href=\"https:\/\/cancun.wordcamp.org\/2018\/ponentes\/#wcorg-speaker-ricardo-alday\">Ricardo Alday<\/a><\/span><\/div><div class=\"wcb-session-favourite-icon\"><a href=\"#\" role=\"button\" class=\"fav-session-button\" aria-pressed=\"false\"><span class=\"screen-reader-text\">Sesi\u00f3n favorita: WordPress y la arquitectura desacoplada<\/span><span class=\"dashicons dashicons-star-filled\"><\/span><\/a><\/div><\/td><\/tr><tr class=\"wcpt-time-1000am\"><td class=\"wcpt-time\">10:00&nbsp;am<\/td><td colspan=\"1\" class=\"wcb-speaker-juan-pablo-torres-limon wcb-track-track-1 wcpt-session-type-session wcb-session-podcast-mitos-y-secretos-del-audio-online\" data-track-title=\"Track 1\" data-session-id=\"480\"><div class=\"wcb-session-cell-content\"><a class=\"wcpt-session-title\" href=\"https:\/\/cancun.wordcamp.org\/2018\/session\/podcast-mitos-y-secretos-del-audio-online\/\">Podcast, mitos y secretos del audio online<\/a> <span class=\"wcpt-session-speakers\"><a href=\"https:\/\/cancun.wordcamp.org\/2018\/ponentes\/#wcorg-speaker-juan-pablo-torres-limon\">Juan Pablo Torres Lim\u00f3n<\/a><\/span><\/div><div class=\"wcb-session-favourite-icon\"><a href=\"#\" role=\"button\" class=\"fav-session-button\" aria-pressed=\"false\"><span class=\"screen-reader-text\">Sesi\u00f3n favorita: Podcast, mitos y secretos del audio online<\/span><span class=\"dashicons dashicons-star-filled\"><\/span><\/a><\/div><\/td><td colspan=\"1\" class=\"wcb-speaker-damian-suarez wcb-track-track-2 wcpt-session-type-session wcb-session-wordpress-connect\" data-track-title=\"Track 2\" data-session-id=\"498\"><div class=\"wcb-session-cell-content\"><a class=\"wcpt-session-title\" href=\"https:\/\/cancun.wordcamp.org\/2018\/session\/wordpress-connect\/\">WordPress Connect<\/a> <span class=\"wcpt-session-speakers\"><a href=\"https:\/\/cancun.wordcamp.org\/2018\/ponentes\/#wcorg-speaker-damian-suarez\">Dami\u00e1n Su\u00e1rez<\/a><\/span><\/div><div class=\"wcb-session-favourite-icon\"><a href=\"#\" role=\"button\" class=\"fav-session-button\" aria-pressed=\"false\"><span class=\"screen-reader-text\">Sesi\u00f3n favorita: WordPress Connect<\/span><span class=\"dashicons dashicons-star-filled\"><\/span><\/a><\/div><\/td><\/tr><tr class=\"wcpt-time-1100am\"><td class=\"wcpt-time\">11:00&nbsp;am<\/td><td colspan=\"1\" class=\"wcb-speaker-cristopher-garrido-martell wcb-track-track-1 wcpt-session-type-session wcb-session-temas-premium-o-temas-gratis-cual-deberias-de-usar\" data-track-title=\"Track 1\" data-session-id=\"507\"><div class=\"wcb-session-cell-content\"><a class=\"wcpt-session-title\" href=\"https:\/\/cancun.wordcamp.org\/2018\/session\/temas-premium-o-temas-gratis-cual-deberias-de-usar\/\">Temas premium \u00f3 Temas gratis, \u00bfcu\u00e1l deber\u00edas de usar?<\/a> <span class=\"wcpt-session-speakers\"><a href=\"https:\/\/cancun.wordcamp.org\/2018\/ponentes\/#wcorg-speaker-cristopher-garrido-martell\">Cristopher Garrido Martell<\/a><\/span><\/div><div class=\"wcb-session-favourite-icon\"><a href=\"#\" role=\"button\" class=\"fav-session-button\" aria-pressed=\"false\"><span class=\"screen-reader-text\">Sesi\u00f3n favorita: Temas premium \u00f3 Temas gratis, \u00bfcu\u00e1l deber\u00edas de usar?<\/span><span class=\"dashicons dashicons-star-filled\"><\/span><\/a><\/div><\/td><td colspan=\"1\" class=\"wcb-speaker-greco-rubio wcb-track-track-2 wcpt-session-type-session wcb-session-react-wordpress\" data-track-title=\"Track 2\" data-session-id=\"615\"><div class=\"wcb-session-cell-content\"><a class=\"wcpt-session-title\" href=\"https:\/\/cancun.wordcamp.org\/2018\/session\/react-wordpress\/\">React + WordPress<\/a> <span class=\"wcpt-session-speakers\"><a href=\"https:\/\/cancun.wordcamp.org\/2018\/ponentes\/#wcorg-speaker-greco-rubio\">Greco Rubio<\/a><\/span><\/div><div class=\"wcb-session-favourite-icon\"><a href=\"#\" role=\"button\" class=\"fav-session-button\" aria-pressed=\"false\"><span class=\"screen-reader-text\">Sesi\u00f3n favorita: React + WordPress<\/span><span class=\"dashicons dashicons-star-filled\"><\/span><\/a><\/div><\/td><\/tr><tr class=\"wcpt-time-1200pm\"><td class=\"wcpt-time\">12:00&nbsp;pm<\/td><td colspan=\"1\" class=\"wcb-speaker-samantha-hare wcb-track-track-1 wcpt-session-type-session wcb-session-que-tal-con-el-trafico-incrementando-la-audiencia-en-tu-sitio-de-wordpress\" data-track-title=\"Track 1\" data-session-id=\"482\"><div class=\"wcb-session-cell-content\"><a class=\"wcpt-session-title\" href=\"https:\/\/cancun.wordcamp.org\/2018\/session\/que-tal-con-el-trafico-incrementando-la-audiencia-en-tu-sitio-de-wordpress\/\">\u00bfQu\u00e9 tal con el tr\u00e1fico? : Incrementando la audiencia en tu sitio de WordPress.<\/a> <span class=\"wcpt-session-speakers\"><a href=\"https:\/\/cancun.wordcamp.org\/2018\/ponentes\/#wcorg-speaker-samantha-hare\">Samantha Hare<\/a><\/span><\/div><div class=\"wcb-session-favourite-icon\"><a href=\"#\" role=\"button\" class=\"fav-session-button\" aria-pressed=\"false\"><span class=\"screen-reader-text\">Sesi\u00f3n favorita: \u00bfQu\u00e9 tal con el tr\u00e1fico? : Incrementando la audiencia en tu sitio de WordPress.<\/span><span class=\"dashicons dashicons-star-filled\"><\/span><\/a><\/div><\/td><td colspan=\"1\" class=\"wcb-speaker-jefferson-maldonado wcb-track-track-2 wcpt-session-type-session wcb-session-divi-vs-elemertor\" data-track-title=\"Track 2\" data-session-id=\"491\"><div class=\"wcb-session-cell-content\"><a class=\"wcpt-session-title\" href=\"https:\/\/cancun.wordcamp.org\/2018\/session\/divi-vs-elemertor\/\">Divi vs Elemertor<\/a> <span class=\"wcpt-session-speakers\"><a href=\"https:\/\/cancun.wordcamp.org\/2018\/ponentes\/#wcorg-speaker-jefferson-maldonado\">Jefferson Maldonado<\/a><\/span><\/div><div class=\"wcb-session-favourite-icon\"><a href=\"#\" role=\"button\" class=\"fav-session-button\" aria-pressed=\"false\"><span class=\"screen-reader-text\">Sesi\u00f3n favorita: Divi vs Elemertor<\/span><span class=\"dashicons dashicons-star-filled\"><\/span><\/a><\/div><\/td><\/tr><tr class=\"wcpt-time-100pm global-session almuerzo\"><td class=\"wcpt-time\">1:00&nbsp;pm<\/td><td colspan=\"2\" class=\"wcb-track-track-1 wcb-track-track-2 wcpt-session-type-custom wcb-session-descanso\" data-track-title=\"Track 1, Track 2\" data-session-id=\"384\"><div class=\"wcb-session-cell-content\"><span class=\"wcpt-session-title\">Almuerzo<\/span><\/div><\/td><\/tr><tr class=\"wcpt-time-200pm\"><td class=\"wcpt-time\">2:00&nbsp;pm<\/td><td colspan=\"1\" class=\"wcb-speaker-eric-mercier wcb-track-track-1 wcpt-session-type-session wcb-session-deeplinks-una-pesadilla-de-seo\" data-track-title=\"Track 1\" data-session-id=\"629\"><div class=\"wcb-session-cell-content\"><a class=\"wcpt-session-title\" href=\"https:\/\/cancun.wordcamp.org\/2018\/session\/deeplinks-una-pesadilla-de-seo\/\">Deeplinks una pesadilla de SEO<\/a> <span class=\"wcpt-session-speakers\"><a href=\"https:\/\/cancun.wordcamp.org\/2018\/ponentes\/#wcorg-speaker-eric-mercier\">Eric Mercier<\/a><\/span><\/div><div class=\"wcb-session-favourite-icon\"><a href=\"#\" role=\"button\" class=\"fav-session-button\" aria-pressed=\"false\"><span class=\"screen-reader-text\">Sesi\u00f3n favorita: Deeplinks una pesadilla de SEO<\/span><span class=\"dashicons dashicons-star-filled\"><\/span><\/a><\/div><\/td><td colspan=\"1\" class=\"wcb-track-track-2 wcpt-session-type-session wcb-session-wp-cli\" data-track-title=\"Track 2\" data-session-id=\"635\"><div class=\"wcb-session-cell-content\"><a class=\"wcpt-session-title\" href=\"https:\/\/cancun.wordcamp.org\/2018\/session\/wp-cli\/\">WP CLI<\/a><\/div><div class=\"wcb-session-favourite-icon\"><a href=\"#\" role=\"button\" class=\"fav-session-button\" aria-pressed=\"false\"><span class=\"screen-reader-text\">Sesi\u00f3n favorita: WP CLI<\/span><span class=\"dashicons dashicons-star-filled\"><\/span><\/a><\/div><\/td><\/tr><tr class=\"wcpt-time-300pm\"><td class=\"wcpt-time\">3:00&nbsp;pm<\/td><td colspan=\"1\" class=\"wcb-speaker-fernando-alvarez wcb-track-track-1 wcpt-session-type-session wcb-session-abre-tu-tienda-en-linea-con-woocommerce\" data-track-title=\"Track 1\" data-session-id=\"511\"><div class=\"wcb-session-cell-content\"><a class=\"wcpt-session-title\" href=\"https:\/\/cancun.wordcamp.org\/2018\/session\/abre-tu-tienda-en-linea-con-woocommerce\/\">Abre tu tienda en l\u00ednea con WooCommerce<\/a> <span class=\"wcpt-session-speakers\"><a href=\"https:\/\/cancun.wordcamp.org\/2018\/ponentes\/#wcorg-speaker-fernando-alvarez\">Fernando Alvarez<\/a><\/span><\/div><div class=\"wcb-session-favourite-icon\"><a href=\"#\" role=\"button\" class=\"fav-session-button\" aria-pressed=\"false\"><span class=\"screen-reader-text\">Sesi\u00f3n favorita: Abre tu tienda en l\u00ednea con WooCommerce<\/span><span class=\"dashicons dashicons-star-filled\"><\/span><\/a><\/div><\/td><td class=\"wcpt-session-empty\"><\/td><\/tr><tr class=\"wcpt-time-400pm\"><td class=\"wcpt-time\">4:00&nbsp;pm<\/td><td colspan=\"1\" class=\"wcb-track-track-1 wcpt-session-type-session wcb-session-crear-un-sitio-de-reservaciones-con-woocommerce\" data-track-title=\"Track 1\" data-session-id=\"624\"><div class=\"wcb-session-cell-content\"><a class=\"wcpt-session-title\" href=\"https:\/\/cancun.wordcamp.org\/2018\/session\/crear-un-sitio-de-reservaciones-con-woocommerce\/\">Crear un sitio de reservaciones con WooCommerce<\/a><\/div><div class=\"wcb-session-favourite-icon\"><a href=\"#\" role=\"button\" class=\"fav-session-button\" aria-pressed=\"false\"><span class=\"screen-reader-text\">Sesi\u00f3n favorita: Crear un sitio de reservaciones con WooCommerce<\/span><span class=\"dashicons dashicons-star-filled\"><\/span><\/a><\/div><\/td><td class=\"wcpt-session-empty\"><\/td><\/tr><tr class=\"wcpt-time-500pm\"><td class=\"wcpt-time\">5:00&nbsp;pm<\/td><td colspan=\"1\" class=\"wcb-speaker-fernando-salgado wcb-track-track-1 wcpt-session-type-session wcb-session-de-hobby-a-medio-de-comunicacion-con-wordpress\" data-track-title=\"Track 1\" data-session-id=\"631\"><div class=\"wcb-session-cell-content\"><a class=\"wcpt-session-title\" href=\"https:\/\/cancun.wordcamp.org\/2018\/session\/de-hobby-a-medio-de-comunicacion-con-wordpress\/\">De Hobby a Medio de Comunicaci\u00f3n con WordPress<\/a> <span class=\"wcpt-session-speakers\"><a href=\"https:\/\/cancun.wordcamp.org\/2018\/ponentes\/#wcorg-speaker-fernando-salgado\">Fernando Salgado<\/a><\/span><\/div><div class=\"wcb-session-favourite-icon\"><a href=\"#\" role=\"button\" class=\"fav-session-button\" aria-pressed=\"false\"><span class=\"screen-reader-text\">Sesi\u00f3n favorita: De Hobby a Medio de Comunicaci\u00f3n con WordPress<\/span><span class=\"dashicons dashicons-star-filled\"><\/span><\/a><\/div><\/td><td class=\"wcpt-session-empty\"><\/td><\/tr><tr class=\"wcpt-time-600pm global-session clausura\"><td class=\"wcpt-time\">6:00&nbsp;pm<\/td><td colspan=\"2\" class=\"wcb-track-track-1 wcb-track-track-2 wcpt-session-type-custom wcb-session-clausura\" data-track-title=\"Track 1, Track 2\" data-session-id=\"389\"><div class=\"wcb-session-cell-content\"><span class=\"wcpt-session-title\">Clausura<\/span><\/div><\/td><\/tr><\/tbody><\/table>\n\t<div class=\"email-form fav-session-email-form-hide\">\n\t\t<!-- Tab links -->\n\t\t<div class=\"fav-session-share-tab\">\n\t\t\t\t\t\t\t<div class=\"fav-session-tablinks\" id=\"fav-session-btn-email\">\n\t\t\t\t\tCorreo electr\u00f3nico\t\t\t\t<\/div>\n\t\t\t\n\t\t\t<div class=\"fav-session-tablinks\" id=\"fav-session-btn-link\">\n\t\t\t\tEnlace\t\t\t<\/div>\n\n\t\t\t<div class=\"fav-session-tablinks\" id=\"fav-session-btn-print\">\n\t\t\t\tImprimir\t\t\t<\/div>\n\t\t<\/div>\n\n\t\t<!-- Tab content -->\n\t\t\t\t\t<div id=\"fav-session-tab-email\" class=\"fav-session-share-tabcontent\">\n\t\t\t\t<div id=\"fav-session-email-form\">\n\t\t\t\t\tEnv\u00edame mis sesiones favoritas:\n\t\t\t\t\t<form id=\"fav-sessions-form\">\n\t\t\t\t\t\t<input\n\t\t\t\t\t\t\ttype=\"text\"\n\t\t\t\t\t\t\tname=\"email_address\"\n\t\t\t\t\t\t\tid=\"fav-sessions-email-address\"\n\t\t\t\t\t\t\tplaceholder=\"me@protonmail.com\"\n\t\t\t\t\t\t\/>\n\t\t\t\t\t\t<input type=\"submit\" value=\"Enviar\" \/>\n\t\t\t\t\t<\/form>\n\t\t\t\t<\/div>\n\n\t\t\t\t<div class=\"fav-session-email-wait-spinner\"><\/div>\n\t\t\t\t<div class=\"fav-session-email-result\"><\/div>\n\t\t\t<\/div>\n\t\t\n\t\t<div id=\"fav-session-tab-link\" class=\"fav-session-share-tabcontent\">\n\t\t\tEnlace compartible:\t\t\t<br \/>\n\t\t\t<a id=\"fav-sessions-link\" href=\"\"><\/a>\n\t\t<\/div>\n\n\t\t<div id=\"fav-session-tab-print\" class=\"fav-session-share-tabcontent\">\n\t\t\t<button id=\"fav-session-print\">\n\t\t\t\tImprimir sesiones favoritas\t\t\t<\/button>\n\t\t<\/div>\n\t<\/div>\n\n\t<a class=\"show-email-form\" href=\"javascript:\">\n\t\t<span class=\"dashicons dashicons-star-filled\"><\/span>\n\t\t<span class=\"dashicons dashicons-email-alt\"><\/span>\n\t<\/a>\n\n\t\n","protected":false},"excerpt":{"rendered":"<p>Este evento incluye pl\u00e1ticas de inter\u00e9s para Dise\u00f1adores, Bloggers, Developers y Usuarios Casuales. Puedes saber m\u00e1s de\u00a0D\u00f3nde ser\u00e1 el evento aqu\u00ed. Ser\u00e1n dos espacios de conferencias y puedes alternar seg\u00fan sea tu inter\u00e9s en el tema. Puedes entrar a la charla que desees en la compra de tu boleto. S\u00e1bado 12 de Mayo<\/p>\n","protected":false},"author":15956987,"featured_media":0,"parent":0,"menu_order":0,"comment_status":"closed","ping_status":"closed","template":"","meta":{"jetpack_post_was_ever_published":false,"footnotes":""},"class_list":["post-7","page","type-page","status-publish","hentry"],"jetpack_sharing_enabled":true,"jetpack_shortlink":"https:\/\/wp.me\/P9HzQx-7","_links":{"self":[{"href":"https:\/\/cancun.wordcamp.org\/2018\/wp-json\/wp\/v2\/pages\/7","targetHints":{"allow":["GET"]}}],"collection":[{"href":"https:\/\/cancun.wordcamp.org\/2018\/wp-json\/wp\/v2\/pages"}],"about":[{"href":"https:\/\/cancun.wordcamp.org\/2018\/wp-json\/wp\/v2\/types\/page"}],"author":[{"embeddable":true,"href":"https:\/\/cancun.wordcamp.org\/2018\/wp-json\/wp\/v2\/users\/15956987"}],"replies":[{"embeddable":true,"href":"https:\/\/cancun.wordcamp.org\/2018\/wp-json\/wp\/v2\/comments?post=7"}],"version-history":[{"count":7,"href":"https:\/\/cancun.wordcamp.org\/2018\/wp-json\/wp\/v2\/pages\/7\/revisions"}],"predecessor-version":[{"id":381,"href":"https:\/\/cancun.wordcamp.org\/2018\/wp-json\/wp\/v2\/pages\/7\/revisions\/381"}],"wp:attachment":[{"href":"https:\/\/cancun.wordcamp.org\/2018\/wp-json\/wp\/v2\/media?parent=7"}],"curies":[{"name":"wp","href":"https:\/\/api.w.org\/{rel}","templated":true}]}}