{"id":8,"date":"2018-02-07T22:49:38","date_gmt":"2018-02-07T22:49:38","guid":{"rendered":"https:\/\/2018.cancun.wordcamp.org\/speakers\/"},"modified":"2018-04-12T05:44:32","modified_gmt":"2018-04-12T05:44:32","slug":"ponentes","status":"publish","type":"page","link":"https:\/\/cancun.wordcamp.org\/2018\/ponentes\/","title":{"rendered":"Ponentes"},"content":{"rendered":"<p>En el WordCamp se ver\u00e1n distintos temas de inter\u00e9s para Bloggers, Dise\u00f1adores, Desarrolladores. Usuarios Casuales y m\u00e1s. Recuerda que ser\u00e1 el 12 de mayo, tendremos ponentes <strong>locales e internacionales<\/strong>, no te puedes perder la oportunidad de escuchar y aprender la informaci\u00f3n de primera mano de los siguientes <strong>ponentes<\/strong>:<\/p>\n\n\t<div class=\"wcorg-speakers\">\n\n\t\t\n\t\t\t<!-- Organizers note: The id attribute is deprecated and only remains for backwards compatibility, please use the corresponding class to target individual speakers -->\n\t\t\t<div id=\"wcorg-speaker-fernando-salgado\" class=\"wcorg-speaker wcorg-speaker-fernando-salgado wcorg-track-track-1\">\n\t\t\t\t<h2>\n\t\t\t\t\t\n\t\t\t\t\t\tFernando Salgado\n\t\t\t\t\t\t\t\t\t<\/h2>\n\n\t\t\t\t<div class=\"wcorg-speaker-description\">\n\t\t\t\t\t<img alt='' src='https:\/\/secure.gravatar.com\/avatar\/?s=100&#038;d=mm&#038;r=g' srcset='https:\/\/secure.gravatar.com\/avatar\/?s=200&#038;d=mm&#038;r=g 2x' class='avatar avatar-100 photo avatar-default' height='100' width='100' \/>\t\t\t\t\t\t\t\t\t<\/div>\n\t\t\t<\/div>\n\n\t\t\n\t\t\t<!-- Organizers note: The id attribute is deprecated and only remains for backwards compatibility, please use the corresponding class to target individual speakers -->\n\t\t\t<div id=\"wcorg-speaker-page-carbajal\" class=\"wcorg-speaker wcorg-speaker-page-carbajal\">\n\t\t\t\t<h2>\n\t\t\t\t\t\n\t\t\t\t\t\tPage Carbajal\n\t\t\t\t\t\t\t\t\t<\/h2>\n\n\t\t\t\t<div class=\"wcorg-speaker-description\">\n\t\t\t\t\t<img alt='' src='https:\/\/secure.gravatar.com\/avatar\/?s=100&#038;d=mm&#038;r=g' srcset='https:\/\/secure.gravatar.com\/avatar\/?s=200&#038;d=mm&#038;r=g 2x' class='avatar avatar-100 photo avatar-default' height='100' width='100' \/>\t\t\t\t\t\t\t\t\t<\/div>\n\t\t\t<\/div>\n\n\t\t\n\t\t\t<!-- Organizers note: The id attribute is deprecated and only remains for backwards compatibility, please use the corresponding class to target individual speakers -->\n\t\t\t<div id=\"wcorg-speaker-eric-mercier\" class=\"wcorg-speaker wcorg-speaker-eric-mercier wcorg-track-track-1\">\n\t\t\t\t<h2>\n\t\t\t\t\t\n\t\t\t\t\t\tEric Mercier\n\t\t\t\t\t\t\t\t\t<\/h2>\n\n\t\t\t\t<div class=\"wcorg-speaker-description\">\n\t\t\t\t\t<img alt='' src='https:\/\/secure.gravatar.com\/avatar\/?s=100&#038;d=mm&#038;r=g' srcset='https:\/\/secure.gravatar.com\/avatar\/?s=200&#038;d=mm&#038;r=g 2x' class='avatar avatar-100 photo avatar-default' height='100' width='100' \/>\t\t\t\t\t\t\t\t\t<\/div>\n\t\t\t<\/div>\n\n\t\t\n\t\t\t<!-- Organizers note: The id attribute is deprecated and only remains for backwards compatibility, please use the corresponding class to target individual speakers -->\n\t\t\t<div id=\"wcorg-speaker-greco-rubio\" class=\"wcorg-speaker wcorg-speaker-greco-rubio wcorg-track-track-2\">\n\t\t\t\t<h2>\n\t\t\t\t\t\n\t\t\t\t\t\tGreco Rubio\n\t\t\t\t\t\t\t\t\t<\/h2>\n\n\t\t\t\t<div class=\"wcorg-speaker-description\">\n\t\t\t\t\t<img alt='' src='https:\/\/secure.gravatar.com\/avatar\/?s=100&#038;d=mm&#038;r=g' srcset='https:\/\/secure.gravatar.com\/avatar\/?s=200&#038;d=mm&#038;r=g 2x' class='avatar avatar-100 photo avatar-default' height='100' width='100' \/>\t\t\t\t\t\t\t\t\t<\/div>\n\t\t\t<\/div>\n\n\t\t\n\t\t\t<!-- Organizers note: The id attribute is deprecated and only remains for backwards compatibility, please use the corresponding class to target individual speakers -->\n\t\t\t<div id=\"wcorg-speaker-fernando-alvarez\" class=\"wcorg-speaker wcorg-speaker-fernando-alvarez wcorg-track-track-1\">\n\t\t\t\t<h2>\n\t\t\t\t\t\n\t\t\t\t\t\tFernando Alvarez\n\t\t\t\t\t\t\t\t\t<\/h2>\n\n\t\t\t\t<div class=\"wcorg-speaker-description\">\n\t\t\t\t\t<img alt='' src='https:\/\/secure.gravatar.com\/avatar\/7b437e7054ac79493f86406cad1390ccb41d24d2f6d721b903857185d269112c?s=100&#038;d=mm&#038;r=g' srcset='https:\/\/secure.gravatar.com\/avatar\/7b437e7054ac79493f86406cad1390ccb41d24d2f6d721b903857185d269112c?s=200&#038;d=mm&#038;r=g 2x' class='avatar avatar-100 photo' height='100' width='100' \/>\t\t\t\t\t<p>Fernando tiene 25 a\u00f1os, vive en Guadalajara y trabaja como Happiness Engineer en Automattic, los creadores de WordPress.com y WooCommerce. Como parte de su trabajo ayuda diariamente a peque\u00f1as empresas y empresarios independientes a solucionar problemas en sus tiendas en l\u00ednea, creadas con WooCommerce.<\/p>\n\t\t\t\t<\/div>\n\t\t\t<\/div>\n\n\t\t\n\t\t\t<!-- Organizers note: The id attribute is deprecated and only remains for backwards compatibility, please use the corresponding class to target individual speakers -->\n\t\t\t<div id=\"wcorg-speaker-cristopher-garrido-martell\" class=\"wcorg-speaker wcorg-speaker-cristopher-garrido-martell wcorg-track-track-1\">\n\t\t\t\t<h2>\n\t\t\t\t\t\n\t\t\t\t\t\tCristopher Garrido Martell\n\t\t\t\t\t\t\t\t\t<\/h2>\n\n\t\t\t\t<div class=\"wcorg-speaker-description\">\n\t\t\t\t\t<img alt='' src='https:\/\/secure.gravatar.com\/avatar\/b15be879d81abe472b61e1fe99e39351209f2c3e57259617aef81c2b0102d7b2?s=100&#038;d=mm&#038;r=g' srcset='https:\/\/secure.gravatar.com\/avatar\/b15be879d81abe472b61e1fe99e39351209f2c3e57259617aef81c2b0102d7b2?s=200&#038;d=mm&#038;r=g 2x' class='avatar avatar-100 photo' height='100' width='100' \/>\t\t\t\t\t<p>Director de proyectos web especializado en WordPress, mi pasi\u00f3n es el ecommerce y el desarrollo de p\u00e1ginas web creativas, \u00fatiles y eficaces.<\/p>\n\t\t\t\t<\/div>\n\t\t\t<\/div>\n\n\t\t\n\t\t\t<!-- Organizers note: The id attribute is deprecated and only remains for backwards compatibility, please use the corresponding class to target individual speakers -->\n\t\t\t<div id=\"wcorg-speaker-damian-suarez\" class=\"wcorg-speaker wcorg-speaker-damian-suarez wcorg-track-track-2\">\n\t\t\t\t<h2>\n\t\t\t\t\t\n\t\t\t\t\t\tDami\u00e1n Su\u00e1rez\n\t\t\t\t\t\t\t\t\t<\/h2>\n\n\t\t\t\t<div class=\"wcorg-speaker-description\">\n\t\t\t\t\t<img alt='' src='https:\/\/secure.gravatar.com\/avatar\/9a24cf7c812b14f92146094606a0ae17bf7296218f23e9532c9136f55284d1f4?s=100&#038;d=mm&#038;r=g' srcset='https:\/\/secure.gravatar.com\/avatar\/9a24cf7c812b14f92146094606a0ae17bf7296218f23e9532c9136f55284d1f4?s=200&#038;d=mm&#038;r=g 2x' class='avatar avatar-100 photo' height='100' width='100' \/>\t\t\t\t\t<p>Web developer. Autodidacta. Amante de la programaci\u00f3n desde su infancia. Form\u00f3 parte de un par de startups, de las cuales la m\u00e1s importante, Cloudup, le permiti\u00f3 dar ese peque\u00f1o gran salto que le di\u00f3 la posibilidad de ser, desde hace casi cinco a\u00f1os ya, feliz miembro de la familia Automattic.<br \/>\nEspecializado en Javascript, todav\u00eda no pierde la pasi\u00f3n por la programaci\u00f3n web.<\/p>\n\t\t\t\t<\/div>\n\t\t\t<\/div>\n\n\t\t\n\t\t\t<!-- Organizers note: The id attribute is deprecated and only remains for backwards compatibility, please use the corresponding class to target individual speakers -->\n\t\t\t<div id=\"wcorg-speaker-ricardo-alday\" class=\"wcorg-speaker wcorg-speaker-ricardo-alday wcorg-track-track-2\">\n\t\t\t\t<h2>\n\t\t\t\t\t\n\t\t\t\t\t\tRicardo Alday\n\t\t\t\t\t\t\t\t\t<\/h2>\n\n\t\t\t\t<div class=\"wcorg-speaker-description\">\n\t\t\t\t\t<img alt='' src='https:\/\/secure.gravatar.com\/avatar\/a567e614662df8a573e18197424d31187e15a1167328a570914b0bd9532a4e63?s=100&#038;d=mm&#038;r=g' srcset='https:\/\/secure.gravatar.com\/avatar\/a567e614662df8a573e18197424d31187e15a1167328a570914b0bd9532a4e63?s=200&#038;d=mm&#038;r=g 2x' class='avatar avatar-100 photo' height='100' width='100' \/>\t\t\t\t\t<p>Ricardo es entusiasta de muchas disciplinas pero experto en ninguna. Hace como que trabaja en fotograf\u00eda, dise\u00f1o y programaci\u00f3n<\/p>\n\t\t\t\t<\/div>\n\t\t\t<\/div>\n\n\t\t\n\t\t\t<!-- Organizers note: The id attribute is deprecated and only remains for backwards compatibility, please use the corresponding class to target individual speakers -->\n\t\t\t<div id=\"wcorg-speaker-jefferson-maldonado\" class=\"wcorg-speaker wcorg-speaker-jefferson-maldonado wcorg-track-track-2\">\n\t\t\t\t<h2>\n\t\t\t\t\t\n\t\t\t\t\t\tJefferson Maldonado\n\t\t\t\t\t\t\t\t\t<\/h2>\n\n\t\t\t\t<div class=\"wcorg-speaker-description\">\n\t\t\t\t\t<img alt='' src='https:\/\/secure.gravatar.com\/avatar\/7d48628b8a1acb925422b5e29b6e7d23c0ce2f9132adcb0467a6760bc4ac8f53?s=100&#038;d=mm&#038;r=g' srcset='https:\/\/secure.gravatar.com\/avatar\/7d48628b8a1acb925422b5e29b6e7d23c0ce2f9132adcb0467a6760bc4ac8f53?s=200&#038;d=mm&#038;r=g 2x' class='avatar avatar-100 photo' height='100' width='100' \/>\t\t\t\t\t<p>UX &amp; Web Designer.<br \/>\nPodcaster on Radio Emprendedor &amp; Divipod\ud83c\udf99 WordPress Divi Design Trainer<\/p>\n\t\t\t\t<\/div>\n\t\t\t<\/div>\n\n\t\t\n\t\t\t<!-- Organizers note: The id attribute is deprecated and only remains for backwards compatibility, please use the corresponding class to target individual speakers -->\n\t\t\t<div id=\"wcorg-speaker-samantha-hare\" class=\"wcorg-speaker wcorg-speaker-samantha-hare wcorg-track-track-1\">\n\t\t\t\t<h2>\n\t\t\t\t\t\n\t\t\t\t\t\tSamantha Hare\n\t\t\t\t\t\t\t\t\t<\/h2>\n\n\t\t\t\t<div class=\"wcorg-speaker-description\">\n\t\t\t\t\t<img alt='' src='https:\/\/secure.gravatar.com\/avatar\/6899b67537a4730cb402edf37a7d172dea8dccf0dd0743d1f62cb6dc2cfcd718?s=100&#038;d=mm&#038;r=g' srcset='https:\/\/secure.gravatar.com\/avatar\/6899b67537a4730cb402edf37a7d172dea8dccf0dd0743d1f62cb6dc2cfcd718?s=200&#038;d=mm&#038;r=g 2x' class='avatar avatar-100 photo' height='100' width='100' \/>\t\t\t\t\t<p>Samantha Hare es Happiness Engineer en Automattic, la compa\u00f1\u00eda detr\u00e1s de WordPress.com. Tiene un bachiller en Comunicaci\u00f3n Social de la Universidad de Lima y sol\u00eda tener una empresa propia de producci\u00f3n de video, antes de encontrar un nuevo hogar en Automattic.<\/p>\n<p>Nacida en Chile, criada en Per\u00fa, Samantha actualmente vive en Lima y disfruta de la fotograf\u00eda como hobby.<\/p>\n\t\t\t\t<\/div>\n\t\t\t<\/div>\n\n\t\t\n\t\t\t<!-- Organizers note: The id attribute is deprecated and only remains for backwards compatibility, please use the corresponding class to target individual speakers -->\n\t\t\t<div id=\"wcorg-speaker-richard-archambault\" class=\"wcorg-speaker wcorg-speaker-richard-archambault wcorg-track-track-1\">\n\t\t\t\t<h2>\n\t\t\t\t\t\n\t\t\t\t\t\tRichard Archambault\n\t\t\t\t\t\t\t\t\t<\/h2>\n\n\t\t\t\t<div class=\"wcorg-speaker-description\">\n\t\t\t\t\t<img alt='' src='https:\/\/secure.gravatar.com\/avatar\/2fda304d524f2329249ada992e46445474f829a92856eeb8c2202fde36279d84?s=100&#038;d=mm&#038;r=g' srcset='https:\/\/secure.gravatar.com\/avatar\/2fda304d524f2329249ada992e46445474f829a92856eeb8c2202fde36279d84?s=200&#038;d=mm&#038;r=g 2x' class='avatar avatar-100 photo' height='100' width='100' \/>\t\t\t\t\t<p>Apasionado de la web en general, y de WordPress en particular. Asisti\u00f3 a su primer WordCamp en Montreal en 2010, y qued\u00f3 fascinado con la comunidad, entonces se hizo organizador de WordCamp Montreal desde el 2013 hasta el 2017. En su rol actual de Happiness Engineer en Automattic, trabaja en el plugin de Jetpack entre otros, y colabora diariamente con la difusi\u00f3n de WordPress. A dado charlas en varias ciudades del mundo. Le encanta tomar el metro, y comer mucho chile!<\/p>\n\t\t\t\t<\/div>\n\t\t\t<\/div>\n\n\t\t\n\t\t\t<!-- Organizers note: The id attribute is deprecated and only remains for backwards compatibility, please use the corresponding class to target individual speakers -->\n\t\t\t<div id=\"wcorg-speaker-juan-pablo-torres-limon\" class=\"wcorg-speaker wcorg-speaker-juan-pablo-torres-limon wcorg-track-track-1\">\n\t\t\t\t<h2>\n\t\t\t\t\t\n\t\t\t\t\t\tJuan Pablo Torres Lim\u00f3n\n\t\t\t\t\t\t\t\t\t<\/h2>\n\n\t\t\t\t<div class=\"wcorg-speaker-description\">\n\t\t\t\t\t<img alt='' src='https:\/\/secure.gravatar.com\/avatar\/68f193bc4075da6192397a01b1e68d0d87ac401c99967079363e6f4bc4d44d7f?s=100&#038;d=mm&#038;r=g' srcset='https:\/\/secure.gravatar.com\/avatar\/68f193bc4075da6192397a01b1e68d0d87ac401c99967079363e6f4bc4d44d7f?s=200&#038;d=mm&#038;r=g 2x' class='avatar avatar-100 photo' height='100' width='100' \/>\t\t\t\t\t<p>Birlibirloque de Ciencias Ocultas de la Social Media y la internet.<br \/>\nCreativo AUDIOpecuario, locutor &amp; productor. Desde hace 16 a\u00f1os vivo cerca del mar.<\/p>\n\t\t\t\t<\/div>\n\t\t\t<\/div>\n\n\t\t\n\t<\/div>\n\n\t\n","protected":false},"excerpt":{"rendered":"<p>En el WordCamp se ver\u00e1n distintos temas de inter\u00e9s para Bloggers, Dise\u00f1adores, Desarrolladores. Usuarios Casuales y m\u00e1s. Recuerda que ser\u00e1 el 12 de mayo, tendremos ponentes locales e internacionales, no te puedes perder la oportunidad de escuchar y aprender la informaci\u00f3n de primera mano de los siguientes ponentes:<\/p>\n","protected":false},"author":6850726,"featured_media":0,"parent":0,"menu_order":0,"comment_status":"closed","ping_status":"closed","template":"","meta":{"jetpack_post_was_ever_published":false,"footnotes":""},"class_list":["post-8","page","type-page","status-publish","hentry"],"jetpack_sharing_enabled":true,"jetpack_shortlink":"https:\/\/wp.me\/P9HzQx-8","_links":{"self":[{"href":"https:\/\/cancun.wordcamp.org\/2018\/wp-json\/wp\/v2\/pages\/8","targetHints":{"allow":["GET"]}}],"collection":[{"href":"https:\/\/cancun.wordcamp.org\/2018\/wp-json\/wp\/v2\/pages"}],"about":[{"href":"https:\/\/cancun.wordcamp.org\/2018\/wp-json\/wp\/v2\/types\/page"}],"author":[{"embeddable":true,"href":"https:\/\/cancun.wordcamp.org\/2018\/wp-json\/wp\/v2\/users\/6850726"}],"replies":[{"embeddable":true,"href":"https:\/\/cancun.wordcamp.org\/2018\/wp-json\/wp\/v2\/comments?post=8"}],"version-history":[{"count":3,"href":"https:\/\/cancun.wordcamp.org\/2018\/wp-json\/wp\/v2\/pages\/8\/revisions"}],"predecessor-version":[{"id":425,"href":"https:\/\/cancun.wordcamp.org\/2018\/wp-json\/wp\/v2\/pages\/8\/revisions\/425"}],"wp:attachment":[{"href":"https:\/\/cancun.wordcamp.org\/2018\/wp-json\/wp\/v2\/media?parent=8"}],"curies":[{"name":"wp","href":"https:\/\/api.w.org\/{rel}","templated":true}]}}